0*u. Let o(i) = i + 13. Give o(u).
-2
Let x = -154 - -151. Let n(o) = -5*o - 21. Calculate n(x).
-6
Let k = 15 + -15. Suppose m - 2*m - m = k. Let f(r) = r**3 + r**2 + r + 6. Give f(m).
6
Suppose 5*d + 3*u + 10 = 0, 1 = 4*d + 4*u + 9. Let g(o) be the second derivative of 0 - 1/12*o**4 - 1/6*o**3 + 1/2*o**2 - 1/20*o**5 + o. Determine g(d).
7
Let u(z) = -z**2 + 11*z - 29. Let l = -1122 - -1129. What is u(l)?
-1
Let h be 2*4*4/4. Let f = 4 - h. Let l = f + 0. Let q(t) = 2*t + 6. Calculate q(l).
-2
Let j(q) be the first derivative of 3/2*q**2 - 4*q + 3. Let b be 4/22 - ((-13)/(-11) - -2). What is j(b)?
-13
Let u be (-15)/(-6)*(1 + 1). Suppose -5*l = -u*x + 10, -2*l - 3 = -x - 2. Let s(d) = -4 - l + 2 + 2 + d. Calculate s(-3).
-4
Suppose d + 0*d - 210 = -3*x, 0 = -4*x + 4*d + 280. Let f(c) = -x*c + 71*c + 1 + 0 + 3*c**2. What is f(-1)?
3
Let y(t) = t - 4. Let c(s) = -s + 2. Let u(h) = -5*c(h) - 2*y(h). Give u(-11).
-35
Let b = -1613 + 1619. Let l(a) be the second derivative of a**4/12 - 4*a**3/3 + 4*a**2 - a. What is l(b)?
-4
Suppose 10*c - 12*c - 12 = 0. Let y(j) = j**2 + 3*j - 10. Let u(n) = 1. Let o(g) = 3*u(g) + y(g). Calculate o(c).
11
Let r(x) be the second derivative of x**5/20 + 5*x**4/6 + 11*x**3/6 + 5*x**2 - 3*x - 4. Determine r(-9).
-8
Let k(s) be the third derivative of s**8/20160 - s**7/720 + s**6/120 + 2*s**5/5 - 5*s**2 + 7. Let f(i) be the third derivative of k(i). Give f(6).
0
Suppose -8 = -5*d - 5*q - 23, 0 = 3*d + q + 17. Let c(u) be the first derivative of u**2 + 2*u + 2027. Calculate c(d).
-12
Let c(b) = -170*b**2 + 1 + 13*b - 12*b - b**3 + 162*b**2. What is c(-8)?
-7
Let g = 944 - 945. Let y(c) = -20*c - 2. Determine y(g).
18
Let r(o) = 0*o - 13*o - o + 1 + o - 5*o. Give r(1).
-17
Suppose 5*s = 555 - 155. Let h be s/15*3/2. Let i(n) = -6 + 2 + h + n**2 + 7*n. Determine i(-4).
-8
Let y(w) be the second derivative of -w**3/2 + w**2 - 106*w + 2. Determine y(3).
-7
Let h(v) = v**2 - 4*v + 3. Let g be h(4). Let k(b) be the second derivative of 16*b + 2/3*b**3 + 0 - 3/2*b**2. Determine k(g).
9
Let a = -1685 - -1688. Let u(g) be the third derivative of 1/60*g**5 + 0*g + 4/3*g**3 - a*g**2 + 0 + 1/120*g**6 + 1/24*g**4. What is u(0)?
8
Let b(t) = -t**2 - t + 25. Suppose 2*c = -5*x + 3*c - 4, -2*x - 5*c = -20. Calculate b(x).
25
Let a(o) = -3*o - 7. Let c(u) = -2*u. Let n(g) = -a(g) + c(g). Calculate n(-6).
1
Let q(r) = 2*r**3 + 4*r**2 - r. Let c be (1 + (-6)/10)*40. Let o = -11 + c. Let v = -8 + o. Determine q(v).
-15
Let n = 13 - 7. Let m(z) = -3 + 0*z + z + 0*z**3 + z**3 + n*z**2 + 2*z. Calculate m(-5).
7
Let f(u) = 2*u + 17. Suppose 4*x = 20 - 48. What is f(x)?
3
Let y(f) be the third derivative of -f**6/120 + 17*f**5/60 - 3*f**4/4 + 10*f**3/3 - 52*f**2. What is y(16)?
-12
Suppose -3*v = p - 34 + 43, -3*p - 11 = v. Let t(k) = 3*k**2 + 2*k. What is t(v)?
8
Let k be (3 + -5 + -21)/1. Let v = 27 + k. Let j(x) = -3*x**2 - 8*x - 7. Let t(p) = -p**2 - 4*p - 3. Let y(i) = 2*j(i) - 5*t(i). What is y(v)?
1
Let n(h) be the first derivative of -h**4/4 - 8*h**3/3 + h**2/2 - 12*h - 224. Calculate n(-9).
60
Let h(i) be the first derivative of -7*i**4/4 - i**3/3 - 1. Suppose 11*w = -6*w - 17. Give h(w).
6
Let i(c) = -7*c - 5. Let m(r) = -13 + 2 - 3 - 15*r + 3. Suppose 0*a = -5*a - 4*b + 18, 5*b = -15. Let o(v) = a*m(v) - 13*i(v). Determine o(4).
3
Let z(u) be the second derivative of -u**4/12 - 4*u**3/3 + 4*u**2 - 54*u. Give z(-8).
8
Let y = 26 + -10. Let g = y - 27. Let i = g + 10. Let t(c) = -5*c**3 - 1. Determine t(i).
4
Suppose q - 320 = 4*z - 331, -q = 2*z - 1. Let i(g) = -7*g**2 + 2. Determine i(z).
-26
Let r(c) = 3*c**3 + 2*c**2 - c - 1. Let p be (-48)/(-168)*(-1)/(-1)*-7. Determine r(p).
-15
Let w be 0 + (4 - 1) - -2. Let l = -4 + w. Let m(n) = 18 + 5*n**2 - 2 - 10 - 6. Determine m(l).
5
Let u(x) = x**2 + 2*x + 30. Let i be u(0). Let l = 30 - i. Let r(o) = o + 8. Let c(y) = -y - 1. Let j(t) = 2*c(t) + r(t). What is j(l)?
6
Let z(i) be the third derivative of 0 + 1/3*i**3 + 0*i - 23*i**2 + 1/24*i**4 - 1/20*i**5 + 1/120*i**6. What is z(2)?
0
Let x(l) be the third derivative of l**4/24 - 4*l**3/3 - 3*l**2. Suppose 4*g = -8 + 24. Suppose 47 - 19 = g*p. What is x(p)?
-1
Let l(p) = -10*p + 2*p + 24 + 7*p + 6*p + p. Determine l(-5).
-6
Let s(r) = -8*r**2 - 9*r + 5. Let c(n) = -7*n**2 - 7*n + 4. Let y(m) = 4*c(m) - 3*s(m). Let w = 2 + -1. Give y(w).
-4
Let r(h) be the third derivative of -h**4/12 - h**3/6 + 25*h**2 - 2*h. Calculate r(-5).
9
Let g(m) = m**3 - 2*m**2 - 6*m + 6. Let q = -15 - -18. Let x be g(q). Let l(r) = 0*r + 0*r - 3*r**2 - r**3 - 1. What is l(x)?
-1
Suppose -5*t - 3 = -n - 18, 4*n = -20. Suppose 4*m = -5*d + t, -5*m = -5*d - 3*m - 16. Let b(v) = -2*v**2 - v - 2. Give b(d).
-8
Let n(k) be the third derivative of k**5/3 - k**4/8 + k**3/2 - 305*k**2. Give n(1).
20
Let w(m) be the third derivative of -m**6/120 - m**5/20 - 3*m**3/2 + 951*m**2. Determine w(-4).
7
Let z = -7 - -5. Let j(p) = p**2 + 7*p + 7. Let w be j(z). Let c(o) = o**3 + 3*o**2 - 1. Give c(w).
-1
Let p(n) = 2*n**3 + n**2 + n + 1. Let c(y) = y + 38. Let b be c(-12). Let j = b - 27. Determine p(j).
-1
Let r be 1/3*(-6)/(-1). Let x(n) = 5 + r*n**2 + 0 - n**2 + 8*n. Let a(s) = 2*s + 14. Let m be a(-10). Determine x(m).
-7
Suppose 0 = -4*m + 36 - 64. Let k(q) be the second derivative of -q**3/2 - 7*q**2/2 - 4*q. What is k(m)?
14
Let f(d) = -20*d - 7. Let j(q) = -4*q - 1. Let t(r) = -f(r) + 6*j(r). Give t(-7).
29
Let p(f) = -5 + 2 + 3*f - 2 - f**2 - 6*f - 6*f. Give p(-7).
9
Let t(w) = -22*w**3 + 2*w**2 + w. Let u be -1*6*8/48. Give t(u).
23
Suppose 9 = 3*c - 4*q - 13, 4*q = 2*c - 12. Let n(b) = -b + 7. Determine n(c).
-3
Let s(h) be the second derivative of h**5/20 + 2*h**4/3 + 2*h**3/3 - 3*h**2/2 + h - 3. Determine s(-7).
18
Let f(k) = -k**2 - 15*k - 14. Let u(i) = -i**3 + 15*i**2 + 15*i + 11. Let d be u(16). Let m(a) = -a**2 - 14*a - 13. Let p(x) = d*f(x) + 6*m(x). What is p(-6)?
10
Let f be 15/6*(-8)/(-5). Let n(j) = -j**3 + 3*j**2 + 4*j. Give n(f).
0
Suppose 0 = 11*s - 7*s - 20. Suppose u - 16 = -4*f - f, 5*f = s*u + 10. Let o(q) = q**2 + 8 - 9 - 2*q + u. Calculate o(4).
8
Suppose -3*v = -0*l - l - 7, 3*l - 12 = -2*v. Let r be 6/(-33) + 120/55. Let b(g) = 3*g**2 - 2*g**2 - r*g + g**l + 3. Determine b(2).
7
Let r(b) = -11*b**2 - 10 - 7*b**2 - 2*b**3 + b**3 - b + 2*b**2. Determine r(-16).
6
Let z(o) = -3*o**2 + 22*o + 5. Let a(h) = -3*h**2 + 20*h + 4. Let g(n) = 7*a(n) - 6*z(n). What is g(3)?
-5
Let b(g) = -2 + 3 - 2226*g**2 + 2233*g**2. Let t(r) = r**3 + 9*r**2 + 8*r + 1. Let m be t(-8). Give b(m).
8
Let o(d) = d**3 + 1. Let g(b) = -2*b**3 + 5*b**2 + b - 3. Let n = -21 - -24. Let r(h) = n*o(h) + g(h). Calculate r(-5).
-5
Let z(k) = k - 187. Let v(s) = 46. Let h(n) = -9*v(n) - 2*z(n). Calculate h(-17).
-6
Let c(s) = 2*s**2 - 21*s + 39. Let f be c(8). Let w(l) = 5*l - 1. Give w(f).
-6
Let o = -576 - -564. Let f(p) = p + 16. Determine f(o).
4
Let o(r) = r - 8. Suppose 0 = -4*p + 3*p. Suppose p = t + 2*h - 9 - 0, 19 = -t + 5*h. Suppose 0 = -s - t + 7. Calculate o(s).
-2
Let j = 1 + -1. Suppose -4*x = -j*x. Let v(h) be the first derivative of -h**4/4 + h**3/3 - 4. Calculate v(x).
0
Let f(u) = 7*u**2 - 13*u + 11. Let n(g) be the second derivative of -g**4/4 + 7*g**3/6 - 5*g**2/2 - 5*g. Let i(d) = -2*f(d) - 5*n(d). Calculate i(9).
3
Let i be (-1 + 13)/((-3)/(-2)). Let s(x) = -6*x**3 - 42*x**2 - 7*x - 10. Let n(o) = -5*o**3 - 37*o**2 - 7*o - 9. Let f(t) = -7*n(t) + 6*s(t). What is f(i)?
-5
Let q(d) = -11*d - 1. Let t = -265 + 269. Give q(t).
-45
Let n(t) be the first derivative of t**2 - 5*t + 22. Determine n(5).
5
Let o(x) = 396 - 805 + 5*x + 399. Give o(8).
30
Let o(t) = 569 - 105*t + 92*t - 572. Calculate o(-4).
49
Let j(l) = l**2 - 3*l - 2. Let b = -1 - -14. Suppose 11*z - b*z = -12. Suppose -p = 4 - z. Calculate j(p).
-4
Let h(w) = -7*w**3 + 4*w**2 + 2*w. Let g(j) = -9*j**3 + 4*j**2 + 3*j - 1. Let u(b) = 3*g(b) - 4*h(b). Give u(4).
1
Let c(o) = -o + 17. Let t be c(15). Let z(x) = 2*x - 1. Determine z(t).
3
Suppose -5*q + 1 = -9. Let b(y) = -y - 4*y**q - 2 + 6*y**2 + y**2 + 2*y. Give b(2).
12
Let s(y) be the first derivative of -y**2/2 - 36*y + 89. Give s(0).
-36
Suppose -t - 2*x - 3 = 0, 4 = -t - 3*x - 4. Let s(f) be the third derivative of -1/120*f**6 + 1/24*f**4 + 0 - 